-9 - (4 - 7)) + 0)?
13
What is -15 + (14 + 19 - 19) + 27 + -2?
24
Calculate 9 + 8 + -7 + 5 + -5.
10
Calculate -19 + 22 + (13 - 23).
-7
Calculate (2 + -4 - -2) + (-14 - (0 - 0)).
-14
What is the value of -18 + 23 + (0 + 1 - 5)?
1
-1 - 5 - (4 + -1) - (-609 + 571)
29
Evaluate (14 - (12 + -20 + 10)) + 4.
16
Calculate 2 + 14 - (1 + 18 - 10).
7
Evaluate 13 + -5 + -3 + -2 + 8.
11
Evaluate 57 - 33 - (12 - (3 - 5)).
10
(-8 + (6 - 5) - (-2 - -7)) + -8
-20
Evaluate 16 + -21 - (6 + -11) - 1 - -9.
8
Calculate -12 + -9 - (1 + 3 + -6) - -8.
-11
What is the value of -6 + -6 - -4 - -9 - 3?
-2
Evaluate -11 - -7 - (-4 - (3 + -5)) - 13.
-15
2 + 4 + 2 + 4
12
(1 - (0 + 19)) + (-38 - -73 - 35)
-18
Evaluate (11 - 19 - 8) + (-5 - 3).
-24
What is the value of 17 + (-54 - (6 - 29))?
-14
What is the value of -2 - 0 - -16 - (-67 + 62)?
19
(2 - 6) + 7 + 46 - (0 - -12)
37
(-7 - -11) + (-1 - 11) + 24 + -18
-2
What is 22 - (-2 + 20) - (-1 + 15)?
-10
Evaluate (37 - 60) + (-10 - -32).
-1
Calculate (-17 - (28 + -32)) + 2.
-11
What is 7 - (-6 - (5 + -9) - (-3 - -8))?
14
Evaluate 106 - 127 - (1 + -27).
5
-2 + 0 + 3 + (-32 - -18) + 11
-2
-7 - (12 + 17 + -37)
1
What is the value of 12 + 0 + -621 + 595?
-14
Evaluate 83 + -104 - (-11 + 1) - -29.
18
Evaluate -95 + 68 + 0 + 19.
-8
What is the value of -8 - (-1 - (-5 + 1 - (-4 + 22)))?
-29
-2 + 11 - (-24 + 23)
10
Calculate (-5 - 7) + 17 - ((9 - 3) + 0).
-1
Calculate (31 + -42 - 6 - (-6 - 1)) + -9.
-19
Evaluate (31 + -34 - -36) + -16.
17
Calculate (10 - -12 - 26) + 2.
-2
Calculate -1 + (-15 + 7 - ((6 - 0) + -17)).
2
-343 + 311 + (26 - 0)
-6
What is the value of (-6 + 1 - -17) + -2?
10
0 + -8 + (15 - 2) + (-19 - -25)
11
Calculate 15 + 1 + (0 - (-6 - -5) - 7).
10
Calculate 5 - (-15 - -2 - -16 - (19 + 3)).
24
What is the value of (-5 - -4) + -43 - (-12 - -22 - 15)?
-39
What is the value of (3 - 1) + -8 + -13 + 4 + 13?
-2
Calculate 3 - (14 - 38) - 43.
-16
Calculate 3 + -1 - ((21 - 8) + -7).
-4
What is (0 + -5 - -7) + 3 + -3 + -14?
-12
What is -48 + (13 + 5 - 8) - -16?
-22
Evaluate (-56 - (42 + -60)) + 4.
-34
What is the value of -6 - ((-1 - -9 - 15) + -21)?
22
-38 - -41 - (-13 + 4 + -1 - -1)
12
What is the value of (-9 - 1 - (7 - 9 - 16)) + -37?
-29
Calculate 16 - (-8 + -1 + 7) - (1 - 8).
25
26 + (-36 - -15) - (-8 - -5)
8
(26 - 9) + -43 + 7
-19
What is the value of -5 + -1 - (-2123 + 2123)?
-6
Calculate 5 - (3 + (10 - 11) + 1).
2
(-3 - (-7 - -4)) + -1 + -21 + 31
9
What is (37 - -3) + (-19 - 12)?
9
Evaluate (14 - 3) + (-67 - -35) + -7.
-28
What is the value of -16 - -17 - 10 - -7?
-2
What is the value of -11 - (16 + -42 + 30)?
-15
-2 + (9 - (6 + 0)) + -1 + -26
-26
What is -5 - (-4 + (-3 - -1) - (108 - 118))?
-9
Calculate -27 + (26 - -4) + 8 + -1 + -1.
9
Evaluate 13 - (16 + -1 + -5).
3
Evaluate -1 + (23 + -3 - 15) - (20 + 1).
-17
What is the value of -23 + 15 - (8 + (0 - -3 - 2))?
-17
Calculate -9 + 10 + 7 + -21.
-13
Evaluate 8 + (1 - 2) + -18 + 2 + 4.
-5
What is the value of -25 - (-23 - (15 + -23))?
-10
27 - (-24 - (7 + -38))
20
What is 7 + 0 + (-360 - -355)?
2
-32 - (-27 + 14 - 11)
-8
What is the value of -2 + (11 - -1) + -9 + (-6 - 1)?
-6
7 - (20 - (5 - -2))
-6
What is 2 + 6 + 3 + -13?
-2
-28 + 9 - (9 + -10)
-18
Calculate 7 - (1 - -7 - (10 + 2 + -6)).
5
What is (-8 - (8 - ((10 - -2) + 1))) + 18?
15
-1 + 21 - (-14 + 13 + -2 + 3)
20
Evaluate 6 + -2 - (6 + 8 + -13).
3
What is the value of 0 - (1 - 0) - -1 - -6 - 11?
-5
What is the value of -2 + 1 - (13 - (32 - 11)) - 10?
-3
Calculate 10201 - 10191 - (-21 + (-1 - -1 - 0)).
31
-9 + 1 + (217 - 218)
-9
Calculate 25 - (54 - (44 - 14)).
1
What is the value of 1 - (4 + 8 + -2 - 7)?
-2
What is the value of 2 - 5 - -5 - 7?
-5
Evaluate -8 + -1 + 3 - 1 - 3.
-10
Evaluate -14 - 10 - (15 + -10 + -8).
-21
Calculate (1 - 1) + 21 - (-10 + 8 - -8).
15
Evaluate 2 - 3 - (-11 - (-3 - (2 - 4))).
9
9 - (-5 + 25 + -4)
-7
What is 11 + -35 - -10 - (14 - 24)?
-4
Evaluate (-39 - -3) + 151 + -139.
-24
What is -5 + 2 + -1 + 10?
6
(-10 - (-7 - -2)) + (-9 - -14)
0
What is (-4 - -3) + 6 + -7 + 5 + -6?
-3
What is the value of (91 - 98) + -10 + 2?
-15
Evaluate 24 - (5 + 13 + -12 + 2).
16
Evaluate -3 + 3 + (1 - -4) + -4.
1
21 + -10 + 22 + -23 + 1 + 10
21
What is 6 + (-1 - (-2 - -4) - -2) + 4?
9
What is (-1 + 24 - 0) + -25?
-2
Evaluate 3 - (-8 + (0 - -20) - 6).
-3
What is the value of (22 - 5) + (-5 - -4) + 8 - 8?
16
Evaluate -42 + 15 - -24 - -12.
9
Calculate (0 - -17 - 0) + -197 + 184.
4
What is the value of -5 + -2 - (-7 + 7 + 4 + -7)?
-4
Evaluate (19 - (-6 - -6)) + -19.
0
What is the value of -19 - (-21 - 12) - 7?
7
What is (-38 - -38 - (-3 + 6 - 11)) + 0?
8
What is -423 - -422 - (-2 - (1 - 1))?
1
What is -16 + -14 + 40 + 3?
13
Evaluate 13 - (-10 - (8 - 4 - 16)).
11
Calculate (4 - 8) + 4 + (4 - 7).
-3
What is the value of -1 + (-29 + 21 - -38) + (-6 - 1)?
22
Calculate 23 + -32 - -19 - (-1 + 37).
-26
Calculate (0 + -2 - 1) + -275 + 274.
-4
(2 - (-1 - -5)) + 5 + 2 + 0
5
(-1 - (-4 - -6)) + (-5 + -2 - -2)
-8
What is -3 + (-13 - -23) + -18 + -23?
-34
What is the value of -24 + 34 + -7 + -1 - (7 - 2)?
-3
Evaluate -53 + 59 + (-1 - -4).
9
Calculate 23 - 20 - (-6 - (-2 + 5 - 5)).
7
What is the value of (-2 + 0 - (-2 - -4)) + 18 + -1?
13
What is 0 + -7 + -2 + (-1 - -3 - 13)?
-20
What is 13 + -5 + (-5 - -3)?
6
(3 - 8) + 17 + -10 + -8 - -1
-5
What is 17 - ((6 - (9 - 12)) + -1)?
9
5 + -4 - (9 - ((-6 - -5) + 3))
-6
Evaluate (-33 - -21) + (23 - 7) + -25.
-21
Evaluate -17 + (-6 - (-12 - -8)) + 0 - -5.
-14
(-22 - -2) + (-19 - -17)
-22
Calculate -6 - (5 - -2) - -7.
-6
Calculate -4 + 36 + -13 + -11.
8
What is 0 + -3 + -11 + 5 + 13?
4
What is the value of 0 + 3 + (1 - (-16 + 7)) + -3?
10
What is the value of (-25 + (2 - -3 - 5) - -4) + 6?
-15
Calculate -2 - -5 - (235 - 253).
21
What is the value of -12 + -2 + 21 + -1 + -14?
-8
What is the value of 2 + -18 + (48 - 38)?
-6
What is 4 + -2 + -4 + 20 + -17 + 1?
2
What is the value of 0 + -1 + -2 + (11 - 5)?
3
What is the value of 18 + -1 + -15 - 11?
-9
Calculate 2 + (-3 + 2 - (-8 - -3)) + 0.
6
-32 - (26 + -25 + -7)
-26
34 + (22 - 43) + -15 + (7 - -1)
6
Evaluate (16 - 24) + 15 - (1 + 2 - 12).
16
Calculate 410 + -417 + (-25 - -1) + 1.
-30
Calculate (34 + -29 - 39) + 0 + 11.
-23
What is 24 + 0 + (-19 - (-18 + 8))?
15
Calculate -6 - (-5 + 7 - (1 + (4 - 0))).
-3
Evaluate 0 + 5 + -2 + 9.
12
Calculate 13 - ((7 - -7) + -13) - 6.
6
What is 5 - ((-3 + 14 - 2) + 0) - 4?
-8
Calculate -5 - 3 - 3 - -4 - 5.
-12
Calculate (-16 - (-20 + 8)) + 9 + -1 + 0.
4
-2 - (-8 - 1) - (75 + -87)
19
Evaluate -1 - (-6 + 0 + -6 + 11) - 11.
-11
Evaluate 16 - ((27 - (-13 - 3)) + -9).
-18
(-3 - -1) + -364 + 348
-18
What is the value of 3 + 8 + 47 + -71?
-13
What is the value of (23 - 29) + (0 - (-7 + 2)) - 4?
-5
What is the value of 0 + 15 - (-30 + -7 + 46)?
6
Evaluate 6 + 9 + 1 + 19 + -3 + -9.
23
Evaluate -7 + -1 + (10 - (10 + -3 - 16)).
11
Calculate 5 + (-3 - (-10 - -10 - -3)) + 27.
26
What is the value of -2107 - -2087 - (0 + -1)?
-19
What is -26 + (-3 - (-35 - 16))?
22
421 + -463 - (-32 + 1)
-11
Evaluate 23 + -30 - 42 - -21.
-28
What is -2 + -1 + (-8 - (0 - 10))?
-1
What is the value of (-11 - 5) + (-3 - -29 - 11)?
-1
Calculate 0 + 1 + 3 + (12 - 10 - 2).
4
What is the value of 0 - -7 - (20 - (-12 - -39))?
14
Calculate (17 - 3) + -24 + (1 - 2) + -2.
-13
Calculate 28 - ((-22 - -29) + 48).
-27
Evaluate -430 + 395 + 20 + -2.
-17
-19 - (16 - (7 - -18))
-10
Evaluate (-93 - -105 - (-2 + 18)) + -6.
-10
Evaluate -7 + 2 + 3 + (1 - 6).
-7
Calculate -30 - (-7 + -2 + 13 + -15 - -3).
-22
Calculate 2 + -15 - (-62 + 48) - -9.
10
What is the value of 2 + (1 - 0) - (963 - 957) - 3?
-6
Calculate -14 + 10 + -11 + 1 + 6.
-8
Calculate -44 + 15 - (-24 + 0).
-5
-1 - (-6 - (-11 - 6) - 9)
-3
Calculate -19 + 10 + 16 - -4.
11
-39 - (-19 + 8 + -3 + 8 + 0)
-33
Evaluate 0 + (2 - -9) + 13 + -12 + -5.
7
What is the value of -17 + -14 + 51 + (-2 - (-1 + 0))?
19
12 - 7 - (-1 + 0)
6
Calculate 12 - -3 - (202 - 168).
-19
-12 + (0 - (20 + -55))
23
What is the value of -5 - (-3 + 8 - (15 + -11))?
-6
What is the value of (-29 - -24) + (1 - 2) + -9?
-15
(-6 - (4 + -16) - -3) + 2
11
-71 + 79 + (20 + -20 - (-1 - -6))
3
What is the value of (18 - (21 - 18)) + -37?
-22
What is the value of 20 - ((-10 - 4) + 19)?
15
What is (9 - 4) + -11 + -11 + 11?
-6
Evaluate -1 + 1 + 5 -